{"id":7,"date":"2024-05-18T09:01:41","date_gmt":"2024-05-18T07:01:41","guid":{"rendered":"https:\/\/rverde.com\/?page_id=7"},"modified":"2024-05-31T02:40:35","modified_gmt":"2024-05-31T00:40:35","slug":"salon-coiffure-arcueil","status":"publish","type":"page","link":"https:\/\/rverde.com\/","title":{"rendered":"Accueil"},"content":{"rendered":"\n<p class=\"has-vivid-cyan-blue-color has-text-color has-link-color wp-elements-aa59551cf782a6418964b17f9b757195\">Bienvenue sur votre site&nbsp;! C\u2019est votre page d\u2019accueil que vos visiteurs verront lorsqu\u2019ils arriveront sur votre site la premi\u00e8re fois.<\/p>\n","protected":false},"excerpt":{"rendered":"<p>Bienvenue sur votre site&nbsp;! C\u2019est votre page d\u2019accueil que vos visiteurs verront lorsqu\u2019ils arriveront sur votre site la premi\u00e8re fois.<\/p>\n","protected":false},"author":1,"featured_media":77,"parent":0,"menu_order":0,"comment_status":"closed","ping_status":"closed","template":"","meta":{"footnotes":""},"class_list":["post-7","page","type-page","status-publish","has-post-thumbnail","hentry"],"yoast_head":"<!-- This site is optimized with the Yoast SEO plugin v26.5 - https:\/\/yoast.com\/wordpress\/plugins\/seo\/ -->\n<title>Accueil - R VERD\u00c8 COIFFURE (Nuance Coiffure)<\/title>\n<meta name=\"description\" content=\"D\u00e9couvrez R Verd\u00e8 Coiffure, votre salon de coiffure mixte et centre de beaut\u00e9 \u00e0 Arcueil. Coupe, coloration, soins capillaires de qualit\u00e9. R\u00e9servez d\u00e8s maintenant !\" \/>\n<meta name=\"robots\" content=\"index, follow, max-snippet:-1, max-image-preview:large, max-video-preview:-1\" \/>\n<link rel=\"canonical\" href=\"https:\/\/rverde.com\/\" \/>\n<meta property=\"og:locale\" content=\"en_US\" \/>\n<meta property=\"og:type\" content=\"article\" \/>\n<meta property=\"og:title\" content=\"Accueil - R VERD\u00c8 COIFFURE (Nuance Coiffure)\" \/>\n<meta property=\"og:description\" content=\"D\u00e9couvrez R Verd\u00e8 Coiffure, votre salon de coiffure mixte et centre de beaut\u00e9 \u00e0 Arcueil. Coupe, coloration, soins capillaires de qualit\u00e9. R\u00e9servez d\u00e8s maintenant !\" \/>\n<meta property=\"og:url\" content=\"https:\/\/rverde.com\/\" \/>\n<meta property=\"og:site_name\" content=\"R VERD\u00c8 COIFFURE (Nuance Coiffure)\" \/>\n<meta property=\"article:modified_time\" content=\"2024-05-31T00:40:35+00:00\" \/>\n<meta property=\"og:image\" content=\"http:\/\/rverde.com\/wp-content\/uploads\/2024\/05\/Sans-titre-1-scaled.jpg\" \/>\n\t<meta property=\"og:image:width\" content=\"2560\" \/>\n\t<meta property=\"og:image:height\" content=\"1671\" \/>\n\t<meta property=\"og:image:type\" content=\"image\/jpeg\" \/>\n<meta name=\"twitter:card\" content=\"summary_large_image\" \/>\n<meta name=\"twitter:label1\" content=\"Est. reading time\" \/>\n\t<meta name=\"twitter:data1\" content=\"1 minute\" \/>\n<script type=\"application\/ld+json\" class=\"yoast-schema-graph\">{\"@context\":\"https:\/\/schema.org\",\"@graph\":[{\"@type\":\"WebPage\",\"@id\":\"https:\/\/rverde.com\/\",\"url\":\"https:\/\/rverde.com\/\",\"name\":\"Accueil - R VERD\u00c8 COIFFURE (Nuance Coiffure)\",\"isPartOf\":{\"@id\":\"https:\/\/rverde.com\/#website\"},\"primaryImageOfPage\":{\"@id\":\"https:\/\/rverde.com\/#primaryimage\"},\"image\":{\"@id\":\"https:\/\/rverde.com\/#primaryimage\"},\"thumbnailUrl\":\"https:\/\/rverde.com\/wp-content\/uploads\/2024\/05\/Sans-titre-1-scaled.jpg\",\"datePublished\":\"2024-05-18T07:01:41+00:00\",\"dateModified\":\"2024-05-31T00:40:35+00:00\",\"description\":\"D\u00e9couvrez R Verd\u00e8 Coiffure, votre salon de coiffure mixte et centre de beaut\u00e9 \u00e0 Arcueil. Coupe, coloration, soins capillaires de qualit\u00e9. R\u00e9servez d\u00e8s maintenant !\",\"breadcrumb\":{\"@id\":\"https:\/\/rverde.com\/#breadcrumb\"},\"inLanguage\":\"en-US\",\"potentialAction\":[{\"@type\":\"ReadAction\",\"target\":[\"https:\/\/rverde.com\/\"]}]},{\"@type\":\"ImageObject\",\"inLanguage\":\"en-US\",\"@id\":\"https:\/\/rverde.com\/#primaryimage\",\"url\":\"https:\/\/rverde.com\/wp-content\/uploads\/2024\/05\/Sans-titre-1-scaled.jpg\",\"contentUrl\":\"https:\/\/rverde.com\/wp-content\/uploads\/2024\/05\/Sans-titre-1-scaled.jpg\",\"width\":2560,\"height\":1671},{\"@type\":\"BreadcrumbList\",\"@id\":\"https:\/\/rverde.com\/#breadcrumb\",\"itemListElement\":[{\"@type\":\"ListItem\",\"position\":1,\"name\":\"Accueil\",\"item\":\"https:\/\/rverde.com\/\"},{\"@type\":\"ListItem\",\"position\":2,\"name\":\"Accueil\"}]},{\"@type\":\"WebSite\",\"@id\":\"https:\/\/rverde.com\/#website\",\"url\":\"https:\/\/rverde.com\/\",\"name\":\"rverde.com\",\"description\":\"L&#039;expertise au service de votre beaut\u00e9\",\"publisher\":{\"@id\":\"https:\/\/rverde.com\/#organization\"},\"alternateName\":\"RVerde coiffure (Nuance Coiffure)\",\"potentialAction\":[{\"@type\":\"SearchAction\",\"target\":{\"@type\":\"EntryPoint\",\"urlTemplate\":\"https:\/\/rverde.com\/?s={search_term_string}\"},\"query-input\":{\"@type\":\"PropertyValueSpecification\",\"valueRequired\":true,\"valueName\":\"search_term_string\"}}],\"inLanguage\":\"en-US\"},{\"@type\":\"Organization\",\"@id\":\"https:\/\/rverde.com\/#organization\",\"name\":\"R verde Coiffure (Nuance coiffure)\",\"alternateName\":\"R verde Coiffure (Nuance coiffure)\",\"url\":\"https:\/\/rverde.com\/\",\"logo\":{\"@type\":\"ImageObject\",\"inLanguage\":\"en-US\",\"@id\":\"https:\/\/rverde.com\/#\/schema\/logo\/image\/\",\"url\":\"https:\/\/rverde.com\/wp-content\/uploads\/2024\/05\/cropped-petit-Logo-sans-tel-100.png\",\"contentUrl\":\"https:\/\/rverde.com\/wp-content\/uploads\/2024\/05\/cropped-petit-Logo-sans-tel-100.png\",\"width\":100,\"height\":100,\"caption\":\"R verde Coiffure (Nuance coiffure)\"},\"image\":{\"@id\":\"https:\/\/rverde.com\/#\/schema\/logo\/image\/\"}}]}<\/script>\n<!-- \/ Yoast SEO plugin. -->","yoast_head_json":{"title":"Accueil - R VERD\u00c8 COIFFURE (Nuance Coiffure)","description":"D\u00e9couvrez R Verd\u00e8 Coiffure, votre salon de coiffure mixte et centre de beaut\u00e9 \u00e0 Arcueil. Coupe, coloration, soins capillaires de qualit\u00e9. R\u00e9servez d\u00e8s maintenant !","robots":{"index":"index","follow":"follow","max-snippet":"max-snippet:-1","max-image-preview":"max-image-preview:large","max-video-preview":"max-video-preview:-1"},"canonical":"https:\/\/rverde.com\/","og_locale":"en_US","og_type":"article","og_title":"Accueil - R VERD\u00c8 COIFFURE (Nuance Coiffure)","og_description":"D\u00e9couvrez R Verd\u00e8 Coiffure, votre salon de coiffure mixte et centre de beaut\u00e9 \u00e0 Arcueil. Coupe, coloration, soins capillaires de qualit\u00e9. R\u00e9servez d\u00e8s maintenant !","og_url":"https:\/\/rverde.com\/","og_site_name":"R VERD\u00c8 COIFFURE (Nuance Coiffure)","article_modified_time":"2024-05-31T00:40:35+00:00","og_image":[{"width":2560,"height":1671,"url":"http:\/\/rverde.com\/wp-content\/uploads\/2024\/05\/Sans-titre-1-scaled.jpg","type":"image\/jpeg"}],"twitter_card":"summary_large_image","twitter_misc":{"Est. reading time":"1 minute"},"schema":{"@context":"https:\/\/schema.org","@graph":[{"@type":"WebPage","@id":"https:\/\/rverde.com\/","url":"https:\/\/rverde.com\/","name":"Accueil - R VERD\u00c8 COIFFURE (Nuance Coiffure)","isPartOf":{"@id":"https:\/\/rverde.com\/#website"},"primaryImageOfPage":{"@id":"https:\/\/rverde.com\/#primaryimage"},"image":{"@id":"https:\/\/rverde.com\/#primaryimage"},"thumbnailUrl":"https:\/\/rverde.com\/wp-content\/uploads\/2024\/05\/Sans-titre-1-scaled.jpg","datePublished":"2024-05-18T07:01:41+00:00","dateModified":"2024-05-31T00:40:35+00:00","description":"D\u00e9couvrez R Verd\u00e8 Coiffure, votre salon de coiffure mixte et centre de beaut\u00e9 \u00e0 Arcueil. Coupe, coloration, soins capillaires de qualit\u00e9. R\u00e9servez d\u00e8s maintenant !","breadcrumb":{"@id":"https:\/\/rverde.com\/#breadcrumb"},"inLanguage":"en-US","potentialAction":[{"@type":"ReadAction","target":["https:\/\/rverde.com\/"]}]},{"@type":"ImageObject","inLanguage":"en-US","@id":"https:\/\/rverde.com\/#primaryimage","url":"https:\/\/rverde.com\/wp-content\/uploads\/2024\/05\/Sans-titre-1-scaled.jpg","contentUrl":"https:\/\/rverde.com\/wp-content\/uploads\/2024\/05\/Sans-titre-1-scaled.jpg","width":2560,"height":1671},{"@type":"BreadcrumbList","@id":"https:\/\/rverde.com\/#breadcrumb","itemListElement":[{"@type":"ListItem","position":1,"name":"Accueil","item":"https:\/\/rverde.com\/"},{"@type":"ListItem","position":2,"name":"Accueil"}]},{"@type":"WebSite","@id":"https:\/\/rverde.com\/#website","url":"https:\/\/rverde.com\/","name":"rverde.com","description":"L&#039;expertise au service de votre beaut\u00e9","publisher":{"@id":"https:\/\/rverde.com\/#organization"},"alternateName":"RVerde coiffure (Nuance Coiffure)","potentialAction":[{"@type":"SearchAction","target":{"@type":"EntryPoint","urlTemplate":"https:\/\/rverde.com\/?s={search_term_string}"},"query-input":{"@type":"PropertyValueSpecification","valueRequired":true,"valueName":"search_term_string"}}],"inLanguage":"en-US"},{"@type":"Organization","@id":"https:\/\/rverde.com\/#organization","name":"R verde Coiffure (Nuance coiffure)","alternateName":"R verde Coiffure (Nuance coiffure)","url":"https:\/\/rverde.com\/","logo":{"@type":"ImageObject","inLanguage":"en-US","@id":"https:\/\/rverde.com\/#\/schema\/logo\/image\/","url":"https:\/\/rverde.com\/wp-content\/uploads\/2024\/05\/cropped-petit-Logo-sans-tel-100.png","contentUrl":"https:\/\/rverde.com\/wp-content\/uploads\/2024\/05\/cropped-petit-Logo-sans-tel-100.png","width":100,"height":100,"caption":"R verde Coiffure (Nuance coiffure)"},"image":{"@id":"https:\/\/rverde.com\/#\/schema\/logo\/image\/"}}]}},"_links":{"self":[{"href":"https:\/\/rverde.com\/index.php\/wp-json\/wp\/v2\/pages\/7","targetHints":{"allow":["GET"]}}],"collection":[{"href":"https:\/\/rverde.com\/index.php\/wp-json\/wp\/v2\/pages"}],"about":[{"href":"https:\/\/rverde.com\/index.php\/wp-json\/wp\/v2\/types\/page"}],"author":[{"embeddable":true,"href":"https:\/\/rverde.com\/index.php\/wp-json\/wp\/v2\/users\/1"}],"replies":[{"embeddable":true,"href":"https:\/\/rverde.com\/index.php\/wp-json\/wp\/v2\/comments?post=7"}],"version-history":[{"count":3,"href":"https:\/\/rverde.com\/index.php\/wp-json\/wp\/v2\/pages\/7\/revisions"}],"predecessor-version":[{"id":84,"href":"https:\/\/rverde.com\/index.php\/wp-json\/wp\/v2\/pages\/7\/revisions\/84"}],"wp:featuredmedia":[{"embeddable":true,"href":"https:\/\/rverde.com\/index.php\/wp-json\/wp\/v2\/media\/77"}],"wp:attachment":[{"href":"https:\/\/rverde.com\/index.php\/wp-json\/wp\/v2\/media?parent=7"}],"curies":[{"name":"wp","href":"https:\/\/api.w.org\/{rel}","templated":true}]}}